3. What is the tens digit of p + (8/4 - -15)?
1
Suppose 4*g - 752 = -3*h, 3*h + 3*g - 544 - 206 = 0. Suppose 4*m - 4*r = h, 3*r = -5*m - 0*m + 310. What is the tens digit of m?
6
Suppose c + 4*u - 4895 = 0, 5*c + 5*u - 9*u - 24379 = 0. What is the units digit of c?
9
Let r(y) = -y**3 - 9*y**2 - 5*y + 18. Let t be r(-9). Suppose -173 = -2*c - t. What is the units digit of (-116)/(-5) + 44/c?
4
Suppose -11*v - 15 = -14*v. Suppose -5*p + 283 + 542 = v*c, 3*c - 2*p - 480 = 0. What is the tens digit of c?
6
Let m(x) = x**3 - 4*x**2 - 5*x + 2. Let w be m(5). What is the tens digit of 1/w + 1494/12?
2
Let a = 1032 - 697. What is the tens digit of a?
3
Let m(l) = 81*l**2 + 2. What is the hundreds digit of m(3)?
7
Suppose z = 5*z - 152. What is the tens digit of z?
3
Suppose -5*r + 466 = 2*p - 252, -3*p = -5*r - 1102. What is the hundreds digit of p?
3
Let p(m) = -m**3 - 6*m**2 + 6*m - 4. Let j be p(-7). Suppose 90 = j*d - z, 0 = -2*d - 0*z + z + 60. Let c = d - 8. What is the units digit of c?
2
Suppose -3*r - 5 = 4*o + 21, 3*o + 15 = 0. Let d be 1 - (2 + -2 + r). Suppose -2*f = d*f - 160. What is the tens digit of f?
3
Let z = 69 - 33. Let d = 68 - z. What is the units digit of d?
2
Suppose 0 = -5*x + 3*d - 1817, 5*d + 210 + 159 = -x. Let g = -213 - x. Let y = -92 + g. What is the tens digit of y?
5
Let r = 826 + -120. What is the hundreds digit of r?
7
Let p(r) = r**3 - 5*r**2 - 7*r + 9. Let t be p(6). Suppose 4*a - f - 402 = 0, -a + 2*f + 400 = t*a. What is the tens digit of a?
0
Suppose 5065 = 8*q - 20007. What is the units digit of q?
4
Let f(l) = 20*l + 21*l**2 + 11 + 77 - 31. What is the tens digit of f(-4)?
1
Suppose -3*i = -r - 13, -6 - 3 = -3*i + 3*r. Suppose -140 = i*h - 3*f + 28, 0 = 2*h + 2*f + 80. What is the units digit of (h/(-30))/((-1)/(-15))?
8
Let l(y) = 76*y + 64. What is the hundreds digit of l(4)?
3
Suppose 0 = 2*w - 4*p, p - 14 = 2*w - 2. Let u = 1 - w. Let a = -3 + u. What is the units digit of a?
6
Suppose 1012 - 9004 = -27*h. What is the tens digit of h?
9
Let h(v) = 15*v + 34. What is the hundreds digit of h(17)?
2
Suppose 0 = 6*a - 15*a + 1440. Suppose -a = -4*r - 4*m, 0 = 3*r + 5*m - 139 + 23. What is the tens digit of r?
4
What is the units digit of 9488/8*(-4)/12*-3?
6
Suppose 5*w + 2645 = 10*w - r, 0 = -2*w - r + 1065. What is the hundreds digit of w?
5
Let a be (-4)/8*-4*-2. Let g be a/20*(0 - 15). Suppose -3*h = g*h - 210. What is the tens digit of h?
3
Let r be 2/(4/(-4) - -3). What is the tens digit of 164/4 + r - 4?
3
What is the hundreds digit of 152/266 - 19995/(-7)?
8
Let y be -3*(28/6 - 4) + 4. Let x be (-654)/(-3) - (1 - 3). Suppose -7*i = -y*i - x. What is the units digit of i?
4
Suppose -16 = -22*q + 26*q. Let c(v) = -13*v - 7. What is the tens digit of c(q)?
4
Let f = 108 + -126. Let y = 86 - f. What is the hundreds digit of y?
1
Suppose 3*v - 593 = 2614. What is the units digit of v?
9
What is the tens digit of 11 - 7 - (-3)/(-3) - -2034?
3
Suppose 2*r = 6 - 4. What is the tens digit of 1 + 74 - 2/r?
7
Suppose 3*q + 58 = 334. Suppose -3*f = f - 4*o - q, -5*f + 4*o = -112. What is the units digit of f?
0
Let s(r) = 90*r + 181. What is the units digit of s(6)?
1
Suppose 4*r + 8 = -0*r. Let o be r/(-6) - 98/6. What is the units digit of 173/9 + o/72?
9
What is the hundreds digit of (-4984)/(-6) - (48/(-9) - -6)?
8
Suppose -5*n + 0*n = -120. Let h be (3 + -3 - -3) + n. Suppose 2*r + r = h. What is the units digit of r?
9
Let k(r) = 70 - 4*r**2 - 4*r - 58 - 3*r + r**3 - 2*r. What is the units digit of k(6)?
0
Let t = -21 + 30. Suppose h = 6*h - 15. Suppose -h*a - t = -105. What is the units digit of a?
2
Let o = 38 - 26. What is the tens digit of 11/(4/o*3)?
1
Let d(r) be the first derivative of r**2 + 23. What is the units digit of d(20)?
0
Suppose -5*w + 3*s + 868 = s, 4*w - 698 = -2*s. Suppose 0 = 5*u - 3*y - 22, -6*u + 3*u - y + 2 = 0. Suppose -p - u*p = -w. What is the tens digit of p?
5
Let c(n) = 24*n - 6. Let r(a) = 1. Let u(j) = -c(j) - 24*r(j). What is the units digit of u(-6)?
6
Suppose 3*u = 3*a - 1863, -3 = -4*u + 1. What is the tens digit of a?
2
Let q = -10 + 2. Let o be (-1185)/(-12) - 2/q. Let w = o - 70. What is the units digit of w?
9
Suppose -82 - 3148 = -4*y + 5*b, 0 = y + 2*b - 801. What is the hundreds digit of y?
8
Let y = 1474 - 1468. Suppose 2*w = 3*w - 24. Suppose -c = 3*t - w, -c = t - y*c + 8. What is the units digit of t?
7
Suppose -12 = -3*f, -f + 2*f = m + 6. What is the tens digit of (-21)/(-42) - 125/m?
6
Suppose -4*i + 396 = 20. What is the tens digit of ((-9)/18)/((-1)/i)?
4
Suppose -3*k - 19 = 4*h + h, -5 = 3*k - 2*h. What is the units digit of 7 + 12/k - (0 - 118)?
1
What is the units digit of 25472/28 - (-10)/35?
0
Suppose 115 = 5*u - 2675. What is the tens digit of u?
5
Let g(c) = 37*c**2 + 16*c + 14. What is the units digit of g(-8)?
4
Suppose 7*p + 30 = 4*p. Let s(z) = z**3 + 11*z**2 - z + 16. What is the hundreds digit of s(p)?
1
Suppose u = -5*h + 7, 5*h - 1 = -7*u + 4*u. Let s(x) = x**2 - x + 2. Let f be s(h). Suppose 2*z + 0*y - 3*y = 42, 0 = f*y. What is the tens digit of z?
2
Let w = 20 - 16. Let t = 3 - w. Let c(u) = 11*u**2 + 2*u + 1. What is the tens digit of c(t)?
1
Let d(g) = -g**3 + g**2 - g - 64. Let p be d(0). What is the tens digit of -4 + (4 - p) + 2*1?
6
Suppose -i - 44 - 210 = -4*j, 0 = -3*j - 4*i + 200. Suppose j*n + 528 = 67*n. What is the hundreds digit of n?
1
Let k(i) be the second derivative of -i**3/6 + i**2/2 + 3*i. Let u be k(-1). Suppose 2*v - 2*j - 50 = 0, u*j = -3*v - 0*v + 85. What is the tens digit of v?
2
Suppose 4*d + 4*y - 5832 = 0, -4*d = -4*y - 562 - 5286. What is the thousands digit of d?
1
Let q(k) = -1 - k - 2 + 5 - 2*k. Let x be q(-3). Let c = 48 - x. What is the units digit of c?
7
Suppose 38*t + 6615 = 45*t. What is the units digit of t?
5
Let u = 3 + 12. What is the tens digit of (-101)/(-1) - 5/(u/9)?
9
Let q = -71 - -78. Let s(w) = w**3 - 3*w**2 - 8*w + 7. What is the hundreds digit of s(q)?
1
Suppose -34*z + 14762 + 27364 = 0. What is the units digit of z?
9
Suppose 3*t - 153 = -48. Suppose 137*y = 136*y + t. What is the units digit of y?
5
Let i = 60 + -57. Suppose 4*b - d = 192, -i*b = 4*d - 64 - 61. What is the units digit of b?
7
Suppose -2*x = x + 2*z - 4821, -5*z + 8035 = 5*x. What is the hundreds digit of x?
6
Let j = 119 + -119. Suppose -3*n - v - 2*v + 654 = j, -3 = -3*v. What is the tens digit of n?
1
Suppose 4*n - 2289 = 6095. What is the thousands digit of n?
2
Let r(q) = 40*q + 336. What is the units digit of r(45)?
6
Let a(y) = y**3 - 19*y**2 - 86*y + 49. What is the tens digit of a(25)?
4
Suppose -2*d - 4*g + 24 + 1776 = 0, d - 2*g - 896 = 0. What is the units digit of d?
8
Suppose 3*z = 115 + 191. Let k = -253 - -255. Suppose k*x - z = -x. What is the units digit of x?
4
Let i be 16/10*(4 - -1). What is the units digit of i/52 + (-2568)/(-39)?
6
Suppose -26*b = -22*b - 4*g - 1100, -5*b + 1387 = -2*g. What is the units digit of b?
9
Let r(o) = -5*o - 5. Let j(v) = v**3 - 5*v**2 - 5*v + 17. Let u be j(5). What is the tens digit of r(u)?
3
Let x = -24 + 23. What is the hundreds digit of (4 - x) + -5 - (-107 + 1)?
1
Let l(h) = 112*h**2 - 17*h - 29. What is the units digit of l(-2)?
3
Let j(w) = 96*w + 96. What is the units digit of j(15)?
6
Suppose 4*a = 5*m - m - 32, -m + 17 = -4*a. Let i be a - -2 - (-5 - -5). What is the tens digit of 2 + (-5)/i - -3?
1
Suppose 3*m - 5 + 4 = -f, -5 = 5*m. Suppose -3*x = 4*k - 95, 0 = -2*x - x + f*k + 103. What is the tens digit of x?
3
Suppose -11 = -5*z + 4. Suppose -3*u + 3*k = -274 - 5, -z*k = 3*u - 267. What is the units digit of u?
1
Let c(h) = -3*h + 2. Let x = 38 - 52. What is the units digit of c(x)?
4
Let i = 1880 - -212. What is the thousands digit of i?
2
Let i(n) = 4*n**3 + 6*n**2 + 3*n + 6. Let r(s) = -7*s**3 - 11*s**2 - 5*s - 13. Let f(l) = 5*i(l) + 3*r(l). What is the units digit of f(-4)?
7
Let t = -6 + 8. Let c = 168 - 142. Suppose 5*g = -t*x - 5 - 0, g - 5*x = c. What is the units digit of g?
1
Let r = -26 + 30. Suppose 4*l - 1048 = -r*l. What is the tens digit of l?
3
Let j be (-4)/6 + (-206)/6. Let l(k) = 88*k**2 + 4*k + 4. Let d be l(-1). Let o = d + j. What is the tens digit of o?
5
Let v(c) = -c**3 + 49*c**2 - 46*c - 111. What is the units digit o